at is the highest common factor of 84100 and 4?
4
Calculate the greatest common divisor of 2558822 and 28.
14
Calculate the greatest common factor of 153 and 2313.
9
Calculate the highest common divisor of 556 and 3160721.
139
What is the highest common divisor of 328 and 964?
4
What is the greatest common divisor of 18316 and 108691?
241
Calculate the highest common factor of 5973700 and 1860.
620
What is the greatest common factor of 10 and 726300?
10
What is the highest common factor of 1319580 and 240?
60
Calculate the highest common factor of 517186 and 116.
58
Calculate the greatest common divisor of 6788545 and 485.
485
What is the highest common factor of 56508 and 912?
12
What is the highest common factor of 20 and 2566830?
10
What is the highest common divisor of 9245 and 205?
5
Calculate the highest common divisor of 4105992 and 9888.
2472
Calculate the highest common factor of 3891087 and 9.
9
What is the highest common divisor of 498 and 410186?
166
What is the highest common factor of 19 and 27018?
19
What is the highest common factor of 2622746 and 14?
14
Calculate the highest common divisor of 12 and 28596.
12
What is the greatest common divisor of 689 and 5121337?
689
What is the greatest common divisor of 78 and 254059?
13
Calculate the greatest common divisor of 708147 and 33.
33
What is the highest common factor of 145384 and 1?
1
Calculate the highest common divisor of 373038 and 3002.
158
Calculate the highest common divisor of 540 and 229770.
270
Calculate the highest common factor of 94 and 78866.
94
Calculate the highest common factor of 12746 and 2.
2
Calculate the greatest common divisor of 12876 and 20868.
444
Calculate the greatest common divisor of 12835602 and 342.
342
What is the highest common divisor of 67364 and 44?
44
What is the greatest common divisor of 24565 and 221?
17
Calculate the highest common factor of 586 and 48931.
293
What is the highest common divisor of 18456 and 96?
24
Calculate the greatest common divisor of 39553 and 2627.
37
Calculate the greatest common divisor of 343 and 2216417.
49
What is the greatest common divisor of 10500 and 6375?
375
Calculate the highest common factor of 54 and 165222.
18
What is the greatest common divisor of 114458 and 1895?
379
Calculate the greatest common factor of 28425 and 750.
75
What is the highest common divisor of 65410 and 5425?
155
Calculate the greatest common divisor of 192 and 14424.
24
What is the greatest common divisor of 126 and 211008?
42
What is the greatest common factor of 564 and 706833?
141
Calculate the highest common divisor of 589080 and 255.
15
Calculate the highest common divisor of 632 and 277448.
632
What is the highest common factor of 13345 and 12560?
785
What is the highest common divisor of 1932606 and 468?
234
Calculate the greatest common divisor of 285 and 259635.
285
Calculate the highest common divisor of 17043 and 16497.
39
Calculate the highest common divisor of 657 and 1281369.
219
Calculate the greatest common factor of 19 and 455126.
19
Calculate the greatest common divisor of 693 and 2457.
63
What is the greatest common factor of 21 and 55538?
7
Calculate the highest common factor of 2349 and 464.
29
What is the greatest common divisor of 2266143 and 14190?
1419
Calculate the greatest common factor of 102 and 196464.
6
What is the greatest common divisor of 110 and 40491?
11
Calculate the highest common factor of 80 and 24246.
2
What is the highest common divisor of 384384 and 784?
112
Calculate the greatest common divisor of 14883 and 4674.
123
Calculate the greatest common factor of 38521 and 14.
7
What is the greatest common divisor of 2968 and 116123?
371
What is the greatest common divisor of 661 and 189?
1
Calculate the greatest common factor of 50 and 163575.
25
Calculate the greatest common divisor of 78 and 168753.
39
What is the greatest common factor of 76102 and 52?
26
What is the highest common factor of 611792 and 48?
16
Calculate the greatest common divisor of 643986 and 28.
14
Calculate the greatest common divisor of 4 and 8186.
2
Calculate the highest common divisor of 500 and 1360.
20
Calculate the highest common factor of 19664 and 592.
16
Calculate the highest common factor of 20 and 1206740.
20
Calculate the greatest common factor of 689 and 11183.
53
Calculate the highest common factor of 1140 and 70908.
228
What is the highest common factor of 825529 and 1389?
463
Calculate the greatest common factor of 1936 and 748.
44
Calculate the highest common factor of 24 and 1025268.
12
Calculate the highest common factor of 337 and 2452349.
337
Calculate the highest common divisor of 89064 and 99.
9
What is the greatest common factor of 656 and 205656?
328
Calculate the greatest common factor of 43200 and 52400.
400
Calculate the highest common divisor of 1157 and 11659.
89
What is the highest common factor of 280 and 1470?
70
Calculate the greatest common factor of 2870221 and 557.
557
Calculate the greatest common factor of 3136 and 160.
32
What is the highest common factor of 128 and 2201152?
64
Calculate the greatest common divisor of 623 and 1339806.
89
Calculate the greatest common factor of 27 and 741789.
9
What is the highest common factor of 774 and 527610?
258
Calculate the highest common factor of 82 and 318242.
82
Calculate the greatest common factor of 1675 and 21925.
25
Calculate the highest common divisor of 118 and 297478.
118
What is the greatest common factor of 195139 and 914?
457
What is the greatest common divisor of 183092 and 26?
26
Calculate the greatest common factor of 124 and 12652.
4
Calculate the highest common factor of 148 and 140.
4
Calculate the highest common factor of 216825 and 315.
105
What is the greatest common divisor of 12896 and 656?
16
What is the greatest common factor of 126 and 28378?
14
Calculate the highest common factor of 535 and 59599.
107
What is the greatest common factor of 364 and 15400?
28
What is the highest common divisor of 4972 and 108?
4
What is the highest common factor of 2056964 and 28?
28
Calculate the greatest common divisor of 224 and 149856.
224
Calculate the highest common divisor of 97530 and 330.
30
Calculate the greatest common factor of 1110 and 549487.
37
What is the highest common divisor of 716706 and 464?
58
Calculate the highest common factor of 21000 and 27750.
750
What is the highest common divisor of 305 and 1894355?
305
Calculate the greatest common divisor of 36803 and 47177.
247
Calculate the greatest common factor of 12684 and 3402.
42
Calculate the highest common factor of 33676 and 376.
4
Calculate the greatest common divisor of 1790 and 65.
5
Calculate the highest common factor of 35 and 33817.
7
What is the highest common factor of 2076 and 2104545?
519
What is the greatest common divisor of 42 and 1614?
6
Calculate the highest common factor of 1295 and 92981.
259
Calculate the greatest common factor of 153 and 2421.
9
Calculate the greatest common divisor of 306 and 308550.
102
What is the highest common factor of 1963 and 11023?
151
What is the greatest common factor of 225 and 21075?
75
What is the greatest common divisor of 34164 and 1638?
234
What is the highest common factor of 24633 and 4403?
119
Calculate the highest common divisor of 234 and 1206.
18
Calculate the highest common divisor of 21768 and 744.
24
Calculate the greatest common divisor of 138 and 184299.
69
What is the greatest common factor of 117 and 4693?
13
What is the highest common divisor of 151 and 5131131?
151
What is the greatest common divisor of 20129 and 20?
1
What is the greatest common divisor of 1188 and 393012?
108
What is the highest common factor of 1743 and 8337?
21
What is the highest common factor of 50837 and 145?
29
Calculate the highest common factor of 137527 and 994.
71
Calculate the greatest common divisor of 16051 and 21.
7
What is the highest common divisor of 193599 and 49?
49
Calculate the highest common factor of 54400 and 153.
17
What is the highest common factor of 3808 and 561?
17
Calculate the greatest common factor of 2482 and 26393588.
2482
What is the highest common divisor of 7 and 384139?
7
Calculate the greatest common divisor of 45 and 199800.
45
What is the greatest common divisor of 243 and 1383?
